{"id":1492,"date":"2024-01-10T11:48:52","date_gmt":"2024-01-10T10:48:52","guid":{"rendered":"https:\/\/ceres-sport.fr\/?page_id=1492"},"modified":"2024-01-10T17:56:50","modified_gmt":"2024-01-10T16:56:50","slug":"cqp_aviron","status":"publish","type":"page","link":"https:\/\/ceres-sport.fr\/index.php\/cqp_aviron\/","title":{"rendered":"Informations sur le suivi de cohortes des CQP aviron"},"content":{"rendered":"\n<p>Cette enqu\u00eate, qui r\u00e9pond \u00e0 une obligation l\u00e9gale, permet \u00e0 France Comp\u00e9tences, Instance de pilotage et de r\u00e9gulation de la formation professionnelle, de v\u00e9rifier l\u2019insertion professionnelle des titulaires d\u2019un dipl\u00f4me ou titre \u00e0 finalit\u00e9 professionnelle ou d\u2019un certificat de qualification professionnelle figurant dans le r\u00e9pertoire national des certifications professionnelles.&nbsp;<\/p>\n\n\n\n<p>Toutes les informations recueillies font l\u2019objet d\u2019une exploitation strictement d\u00e9di\u00e9e \u00e0 l\u2019\u00e9tude du suivi de l\u2019insertion professionnelle des certifi\u00e9s des CQP de la branche professionnelle du sport et sont prot\u00e9g\u00e9es dans une plateforme s\u00e9curis\u00e9e.&nbsp;<br>Il vous est demand\u00e9 notamment, de communiquer votre identit\u00e9 ainsi que le num\u00e9ro de votre dipl\u00f4me en toute fin du questionnaire. Ces \u00e9l\u00e9ments ne sont utilis\u00e9s que pour le traitement administratif de l\u2019enqu\u00eate.&nbsp;L\u2019exploitation de vos r\u00e9ponses reste anonyme.&nbsp;<\/p>\n\n\n\n<p>France Comp\u00e9tences ne conserve les donn\u00e9es \u00e0 caract\u00e8re personnel que sur une dur\u00e9e d\u2019un an. Au-del\u00e0 de cette p\u00e9riode, France Comp\u00e9tences proc\u00e8de \u00e0 l\u2019anonymisation ou \u00e0 la destruction des donn\u00e9es.&nbsp;<\/p>\n\n\n\n<p>Vous disposez d\u2019un droit d\u2019acc\u00e8s et de rectification aux informations vous concernant. Vous pouvez vous opposer \u00e0 tout moment au traitement des donn\u00e9es sauf motif l\u00e9gitime du responsable du traitement, en vous adressant \u00e0 la CPNEF SPORT.<\/p>\n\n\n\n<p>Pour plus d\u2019information sur la gestion des donn\u00e9es des certifi\u00e9s, vous pouvez consulter le site de France Comp\u00e9tences :\u00a0<a href=\"https:\/\/www.francecompetences.fr\/gestion-des-donnees-personnelles\">https:\/\/www.francecompetences.fr\/gestion-des-donnees-personnelles<\/a>,<br>En cas de difficult\u00e9 en lien avec la gestion de vos donn\u00e9es personnelles, vous pouvez contacter la Cnil\u00a0<a href=\"http:\/\/www.cnil.fr\/\">www.cnil.fr<\/a>.\u00a0<\/p>\n\n\n\n<p><a href=\"https:\/\/form.ceres-sport.fr\/cqpaviron\/CQPsport.html\">Retour au questionnaire<\/a><\/p>\n","protected":false},"excerpt":{"rendered":"<p>Cette enqu\u00eate, qui r\u00e9pond \u00e0 une obligation l\u00e9gale, permet \u00e0 France Comp\u00e9tences, Instance de pilotage et de r\u00e9gulation de la formation professionnelle, de v\u00e9rifier l\u2019insertion professionnelle des titulaires d\u2019un dipl\u00f4me &#8230;<\/p>\n","protected":false},"author":1,"featured_media":0,"parent":0,"menu_order":0,"comment_status":"closed","ping_status":"closed","template":"template-fullwidth.php","meta":{"footnotes":""},"class_list":["post-1492","page","type-page","status-publish","hentry"],"_links":{"self":[{"href":"https:\/\/ceres-sport.fr\/index.php\/wp-json\/wp\/v2\/pages\/1492","targetHints":{"allow":["GET"]}}],"collection":[{"href":"https:\/\/ceres-sport.fr\/index.php\/wp-json\/wp\/v2\/pages"}],"about":[{"href":"https:\/\/ceres-sport.fr\/index.php\/wp-json\/wp\/v2\/types\/page"}],"author":[{"embeddable":true,"href":"https:\/\/ceres-sport.fr\/index.php\/wp-json\/wp\/v2\/users\/1"}],"replies":[{"embeddable":true,"href":"https:\/\/ceres-sport.fr\/index.php\/wp-json\/wp\/v2\/comments?post=1492"}],"version-history":[{"count":2,"href":"https:\/\/ceres-sport.fr\/index.php\/wp-json\/wp\/v2\/pages\/1492\/revisions"}],"predecessor-version":[{"id":1526,"href":"https:\/\/ceres-sport.fr\/index.php\/wp-json\/wp\/v2\/pages\/1492\/revisions\/1526"}],"wp:attachment":[{"href":"https:\/\/ceres-sport.fr\/index.php\/wp-json\/wp\/v2\/media?parent=1492"}],"curies":[{"name":"wp","href":"https:\/\/api.w.org\/{rel}","templated":true}]}}